, x + h + 1 = 0. Let i be 2/(-2*1) + x. What is the units digit of 5 - i - 6/(-6)?
7
Suppose -4 = -5*w + 6. Let d be 27 + w*3/(-6). Let p = -7 + d. What is the tens digit of p?
1
Suppose -12 = -4*o + o. Suppose 4*j - 37 = 4*k - 5, -o*j - 4*k = -56. What is the units digit of j?
1
Let j be 639/(-21) + (-9)/(-21). Let k = 51 + j. What is the tens digit of k?
2
Suppose -3*g + 10 = 2*g. Let f be (-2)/(11/6 - g). Suppose -3*t = -15 - f. What is the units digit of t?
9
Suppose -3*o + 204 - 9 = 0. What is the units digit of o?
5
Suppose -4*c + 0*q + 4*q = -340, c + 4*q - 60 = 0. What is the units digit of c?
0
Let n = 223 + 176. What is the hundreds digit of n?
3
Suppose 4*a - 332 = -0*c - 4*c, -3*c - 5*a = -249. What is the units digit of c?
3
Suppose 98 = 5*a - j + 21, -2*a = 5*j - 47. What is the units digit of a?
6
Let s = -18 + 38. Let t = s + -10. What is the units digit of t?
0
Let a(u) = 31*u**2 + u + 1. Let t be a(-1). Let x = t + -16. What is the tens digit of x?
1
Suppose 3 = z - 0*z. Suppose -4*x + 13 = z*m - 3, 75 = 5*m - 3*x. What is the tens digit of m?
1
Let d = 3 - 1. Let l(k) = k**3 + 8*k**2 - k - d*k - 9 - 2*k**3 + 0*k**3. What is the tens digit of l(7)?
1
Let a be 1*2 - (-3 - -2). Let s(v) = -a + 3*v - 2*v + 0*v. What is the units digit of s(5)?
2
Let p(i) = -i**3 + 2*i**2 - i + 1. Let g be p(1). What is the units digit of ((-12)/g)/(1/(-2))?
4
Let t be ((-9)/(-6))/(2/4). Suppose 11 = 6*g - t*g + 4*h, 2*h - 3 = -g. Suppose -g*l = -4*v - 6, 4*l + 0 - 6 = 2*v. What is the units digit of v?
1
What is the units digit of 1 - ((-2)/(-1) + (-276)/6)?
5
Let h = 2 - -79. Suppose q + h = 5*p + 5*q, -5*q - 19 = -3*p. Suppose -4*u - p = -37. What is the units digit of u?
6
Let g(k) = k**2 + 8*k + 65. What is the tens digit of g(0)?
6
Let p = 1 - -1. Suppose 3*q = 2*o - 2, 0*q - 2 = -q + p*o. What is the units digit of (1/q)/(3/(-18))?
3
Let m = -46 - -32. Let c = 20 - -4. Let a = c + m. What is the tens digit of a?
1
Suppose 6*n - 9*n = -159. What is the units digit of n?
3
Let h be (-1)/(4/(-13 - -1)). What is the tens digit of h + 38*(-1)/(-2)?
2
Suppose 36*z = 34*z + 318. What is the units digit of z?
9
Let y = 146 - 66. Suppose 3*v - 4 = y. What is the units digit of v?
8
Let a(u) = u**2 + u + 4. Let z(w) = -w**2 - 6*w + 4. Let b be z(-7). What is the tens digit of a(b)?
1
Suppose 0 = -5*a + 182 + 223. Suppose -7*x = -4*x - a. What is the units digit of x?
7
Let q(o) = 3*o - o**3 + o + 2 - 1 - 3*o**2 + 0*o. Let z be q(-4). What is the tens digit of 34/z*3/6?
1
Suppose 15 = -5*m - 25. Let i = m - -2. Let b = i - -14. What is the units digit of b?
8
Suppose -2*h = -q + 6*q + 31, -4*q = 3*h + 36. Let w be 58/4 + (-4)/h. Suppose -4*g - 5*i + 21 = 0, 5*i = 5*g - 0*g - w. What is the units digit of g?
4
Let r be 27*(1 - -3) - 4. What is the tens digit of (39/(-4))/((-39)/r)?
2
Suppose 3*w = x + 6, -2*x - 2*x - 3*w = 69. Let h = -8 - x. What is the units digit of h?
7
Let r be 3*(0 - (-12)/(-4)). Let w = r - -25. What is the tens digit of w?
1
Let x(c) = c**2 + c + 39. Let b(q) = -q**3 + q**2 + q + 2. Let i be b(2). Let y be x(i). Suppose 3*s = -0 + y. What is the units digit of s?
3
What is the tens digit of -209*(-2 - -2 - 1)?
0
Let r(l) = l + 4. Let s be (-1)/(((-7)/(-6))/(-7)). Let o be r(s). Let q = o - 4. What is the units digit of q?
6
Suppose 9*s - 6*s = 915. What is the tens digit of s?
0
Suppose -l + 47 + 37 = 0. What is the units digit of l?
4
Suppose -6*m + 54 = -3*m + 5*d, 5*m + d = 90. What is the tens digit of m?
1
Let r(b) = b**3 - 8*b**2 + 9*b - 10. Let j be r(7). Suppose -f = 16 - j. What is the units digit of (f/10)/(1/(-10))?
2
Suppose 0 = -n - 3*z - 5 - 5, 3*z = -4*n - 4. What is the units digit of (3/n)/((-12)/(-64))?
8
Let p(w) = 2*w**2 + 1 + w**3 - 4*w**3 + 3*w**3 - 2*w + 2*w**3. Let n(j) = j**2 - 3*j + 3. Let r be n(2). What is the units digit of p(r)?
3
Let h be (10/(-4))/((-1)/6). Suppose 5*b = 3*w + 40, 0*b = -b - 4*w - h. What is the units digit of b?
5
Let d(u) = -u**2 - 10*u - 2. Let a be d(-8). Let y = a + -2. What is the tens digit of y?
1
What is the units digit of (4 - (0 + -32)) + 0?
6
Suppose 3*u - 330 = -7*u. What is the units digit of u?
3
Let y = 66 - 2. What is the tens digit of y?
6
Suppose -f + 17 = -6. Let h(q) = -q. Let r be h(0). Suppose -v + 3*z + f = v, -4*v - 3*z + 55 = r. What is the tens digit of v?
1
Let f(r) = 2*r - 11. Let c be f(8). Suppose -c*l = -0*l - 20. What is the units digit of l?
4
Suppose 5*s = 5*d - 230, -5*s + 115 = 4*d - 33. What is the units digit of d?
2
What is the units digit of ((-4)/8)/((-3)/18)?
3
Let x be (4/(-8))/((-2)/(-8)). What is the units digit of 0 - -1 - 0/x?
1
Suppose -3*i + i = -2. Suppose 0*d = -3*d - 36. What is the units digit of (d/20)/(i/(-15))?
9
Let h(n) = -19*n**3 - n**2 - n - 1. Let i be h(-1). Suppose 0 = k + k - i. Suppose -k = m - 2*d, -4*m = -6*m - 5*d + 27. What is the units digit of m?
1
Let s(i) = 3*i - 2. Let j be s(2). Suppose 117 = j*m + 3*y, 5*m - 4*y - 151 + 28 = 0. What is the units digit of m?
7
What is the units digit of ((-23)/2)/(1/(-2))?
3
Suppose -7*f = -4*f - 9. Suppose 2*t = f*t - 8. Let c = 9 - t. What is the units digit of c?
1
Let a(b) = 2*b**2 + 2*b. Let v(f) = -f**2 - f. Suppose 2*l + 3*t - 11 = 0, 2*l - t - 11 = -l. Let z(h) = l*a(h) + 7*v(h). What is the tens digit of z(-4)?
1
Suppose 0 = f + b, 0 = 2*f - b - 12 - 3. What is the units digit of f?
5
Let a be ((-2)/(-4))/(4/(-16)). Let c be (-9)/6 - a/(-4). What is the units digit of c*3/12*-10?
5
Let v(j) = j**3 - 7*j**2 - j + 1. Let r be v(7). Let c = 0 - r. What is the tens digit of 15 - c/(-4)*2?
1
Let f = 4 + 1. Let a be (-1*1 + -34)*-1. Suppose 3*l = a - f. What is the tens digit of l?
1
Let h(g) = 4*g**2 - 3*g - 2. Let f be h(3). Let b = -2 + f. What is the tens digit of b?
2
What is the units digit of -76*2/(-20)*5?
8
Suppose -5 = n - 2*n. Suppose g + 24 = n*g. What is the tens digit of 15/(-6)*(0 - g)?
1
Let w = -4 - -8. Suppose w*l = l. Suppose -z + 10 = 5*y + 3, -2*z + 2*y + 2 = l. What is the units digit of z?
2
Suppose -3 = f, -2*f + 54 = 5*w - 0*f. Let u(x) = 2*x - 1. Let b be u(-4). What is the units digit of (-2)/(-1 - b/w)?
8
Suppose 0 = -3*m + m - 2*x + 436, -4*m + 827 = -5*x. What is the tens digit of m?
1
Let r = -11 - -6. Let a = r + 8. What is the units digit of a?
3
Suppose -5*y = 5*x - 55, 4*x = 2*y + 18 + 44. Let b be 2/3 - 78/9. Let f = b + x. What is the units digit of f?
6
Let n = -1 - -4. Suppose n*g = g. What is the units digit of (g - -1) + 4/2?
3
Let f(s) = 8*s - 5. Let h be f(4). Suppose 0*o - 3*o + h = 0. Let j = o - 5. What is the units digit of j?
4
Suppose 15 = -y - 3*t, 2*t + 9 + 1 = 3*y. Suppose y = -o + 3*o - 18. What is the units digit of o?
9
Let s = 47 + -17. What is the units digit of s?
0
Let n(q) = -q + 6. Let b be n(0). Suppose 0 = p - b - 2. What is the units digit of p?
8
Let r = -23 + 69. What is the tens digit of r?
4
Let d(t) = -2*t**3 - 7*t**2 - 5*t - 4. Let x(j) = -j**3 - 3*j**2 - 2*j - 2. Let z(p) = 3*d(p) - 7*x(p). What is the units digit of z(0)?
2
Suppose 3*m - 6 = -p + 4, 2*m - 4 = 0. Suppose -202 = -p*y - 34. What is the units digit of y?
2
Suppose -3*a + 2*g + 0*g = -17, -2*a = -4*g - 22. What is the units digit of a?
3
Let x(g) = -4 - g**3 - 2 + 3 - 2*g**2 - 3*g. What is the units digit of x(-2)?
3
Suppose -2*i + 125 - 51 = 0. What is the units digit of i?
7
Let q(j) = -3*j**3 - 11*j**2 + 5*j + 9. What is the units digit of q(-6)?
1
Suppose 3*c = -1 + 31. Let k = c + -5. Suppose z + z + 2*s - 2 = 0, s - k = -2*z. What is the units digit of z?
4
Let q(c) = -c**3 - 12*c**2 - 16*c - 6. Let x be q(-11). Suppose 4*f - 5*l = x, -2*f + l = f - 45. What is the tens digit of f?
1
Suppose -l = -0*l - 5. What is the units digit of l?
5
Let v(l) = -l**2 - 9*l - 8. Suppose 0 = -0*h - 2*h - 12. What is the tens digit of v(h)?
1
Suppose -4*n + 154 = -v - 221, -5*n + 474 = 4*v. What is the tens digit of n?
9
Suppose 3*j + 7 = 1. Let g be j/(-2) + (-1 - -2). Suppose 0 = g*b + b - 24. What is the units digit of b?
8
Let w(v) be the first derivative of -v**4/4 + v**2/2 + 2. What is the units digit of w(-2)?
6
Let z be (-752)/10 + 4/20. What is the units digit of 4/22 + z/(-11)?
7
Let v(o) = o**3 - 5*o**2 + 5*o + 4. Let f(g) = g + 